{"id":18,"date":"2014-09-11T14:00:19","date_gmt":"2014-09-11T12:00:19","guid":{"rendered":"http:\/\/danielamohr.com\/mohrblog\/?page_id=18"},"modified":"2015-09-15T13:57:27","modified_gmt":"2015-09-15T11:57:27","slug":"mohrbilder","status":"publish","type":"page","link":"https:\/\/danielamohr.com\/mohrblog\/mohrbilder\/","title":{"rendered":"mohrbilder"},"content":{"rendered":"<p>Wenn ich mal gerade nicht arbeite, laufe, esse oder meine Miezen bet\u00fcddele, fotografiere ich auch mal gerne vor mich hin &#8211; oft und am liebsten einfache allt\u00e4gliche Dinge, die sich mir in den Weg und vor die Linse werfen. Hin und wieder auch mal Menschen und Tiere&#8230;und noch &#8222;hin-und-wiederer&#8220; arrangierte Szenen, f\u00fcr die dann meistens Freunde als Modelle herhalten m\u00fcssen.<\/p>\n<p>Die meisten hier gezeigten Bilder sind als Leinwanddruck oder auf Alu-Dibond erh\u00e4ltlich.<br \/>\nDie Preise richten sich nach dem gew\u00fcnschten Format und meiner Sympathie f\u00fcr den Interessenten.<\/p>\n<hr \/>\n<p class=\"entry-content\"><span style=\"color: #800000;\"><strong>AKT<\/strong><\/span><a href=\"http:\/\/danielamohr.com\/mohrblog\/wp-content\/uploads\/2014\/11\/rosalie.jpg\"><img loading=\"lazy\" decoding=\"async\" class=\"size-thumbnail wp-image-768 aligncenter\" src=\"http:\/\/danielamohr.com\/mohrblog\/wp-content\/uploads\/2014\/11\/rosalie-100x100.jpg\" alt=\"rosalie\" width=\"100\" height=\"100\" \/><\/a>Aktfotos sind &#8211; vorsichtig ausgedr\u00fcckt &#8211; nicht gerade mein Steckenpferd Wenn ich mich denn mal an nacktem Fleisch ausprobiere,\u00a0 versuche ich Bilder jenseits von &#8222;Titten raus!&#8220; und &#8222;Guck mal lasziv in die Kamera&#8220; zu machen &#8211; klappt mal mehr, mal weniger gut.\u00a0 Hier geht&#8217;s zur Galerie &#8211; <span style=\"color: #800000;\"><a style=\"color: #800000;\" href=\"http:\/\/danielamohr.com\/mohrblog\/2014\/09\/15\/akt\/\">KLICK!<\/a><\/span><\/p>\n<hr \/>\n<p><strong><span style=\"color: #800000;\">DINGE<\/span><\/strong><a href=\"http:\/\/danielamohr.com\/mohrblog\/2014\/09\/17\/das-herz-ist-ein-einsamer-jaeger\/\"><img loading=\"lazy\" decoding=\"async\" class=\"size-thumbnail wp-image-287 aligncenter\" src=\"http:\/\/danielamohr.com\/mohrblog\/wp-content\/uploads\/2014\/09\/dasherzisteineinsamerjaegerNEU-100x100.jpg\" alt=\"dasherzisteineinsamerjaeger\" width=\"100\" height=\"100\" \/><\/a>In dieser Kategorie gibt&#8217;s Stilleben und Gefundenes oder Gesehenes vom Wegesrand. Ich find&#8217;s ja immer wieder spannend, was man so alles entdeckt, wenn man einfach mal den Blick vom rechten Weg abkommen l\u00e4sst.\u00a0 Hier geht&#8217;s zur Galerie &#8211; <span style=\"color: #800000;\"><a style=\"color: #800000;\" href=\"http:\/\/danielamohr.com\/mohrblog\/2014\/09\/15\/dinge\/\">KLICK!<\/a><\/span><\/p>\n<hr \/>\n<p><span style=\"color: #800000;\"><strong>GESCHICHTEN<\/strong><\/span><img loading=\"lazy\" decoding=\"async\" class=\"size-thumbnail wp-image-174 aligncenter\" src=\"http:\/\/danielamohr.com\/mohrblog\/wp-content\/uploads\/2014\/09\/Iwantedwings-100x100.jpg\" alt=\"Iwantedwings\" width=\"100\" height=\"100\" \/>Arrangierte Szenarien und M\u00e4rchen, die erst noch geschrieben werden m\u00fcssen. Die Bilder in dieser Kategorie k\u00f6nnen einen tieferen Sinn haben, m\u00fcssen aber nicht. Man darf sie auch einfach bloss anschauen und sich dran erfreuen. Hier geht&#8217;s zur Galerie &#8211; <span style=\"color: #800000;\"><a style=\"color: #800000;\" href=\"http:\/\/danielamohr.com\/mohrblog\/2014\/09\/15\/geschichten\/\">KLICK!<\/a><\/span><\/p>\n<hr \/>\n<p><span style=\"color: #800000;\"><strong>MENSCHEN<\/strong><\/span><a href=\"http:\/\/danielamohr.com\/mohrblog\/wp-content\/uploads\/2014\/09\/Isa.jpg\"><img loading=\"lazy\" decoding=\"async\" class=\"size-thumbnail wp-image-448 aligncenter\" src=\"http:\/\/danielamohr.com\/mohrblog\/wp-content\/uploads\/2014\/09\/Isa-100x100.jpg\" alt=\"Isa\" width=\"100\" height=\"100\" \/><\/a>Portr\u00e4ts und Schnappsch\u00fcsse &#8211; bevorzugt nat\u00fcrlich von meinen Lieblingsmenschen, aber auch gerne mal von &#8222;unterwegs&#8220;, wenn sich denn jemand mal von mir fotografieren lassen m\u00f6chte, ohne gleich schreiend wegzurennen. Hier geht&#8217;s zur Galerie &#8211; <span style=\"color: #800000;\"><a style=\"color: #800000;\" href=\"http:\/\/danielamohr.com\/mohrblog\/2014\/09\/15\/menschen\/\">KLICK!<\/a><\/span><\/p>\n<hr \/>\n<p><span style=\"color: #800000;\"><strong>STADTLANDFLUSS<\/strong><\/span><a href=\"http:\/\/danielamohr.com\/mohrblog\/wp-content\/uploads\/2014\/10\/valdincles.jpg\"><img loading=\"lazy\" decoding=\"async\" class=\"size-thumbnail wp-image-672 aligncenter\" src=\"http:\/\/danielamohr.com\/mohrblog\/wp-content\/uploads\/2014\/10\/valdincles-150x150.jpg\" alt=\"valdincles\" width=\"100\" height=\"100\" \/><\/a>Hier finden sich Landschaftsaufnahmen, Bl\u00fcmchenknipsereien und alles, was sich so halbwegs unter &#8222;Natur&#8220; zusammenfassen liesse. Hier geht&#8217;s zur Galerie &#8211; <span style=\"color: #800000;\"><a style=\"color: #800000;\" href=\"http:\/\/danielamohr.com\/mohrblog\/2014\/09\/15\/stadtlandfluss-2\/\">KLICK!<\/a><\/span><\/p>\n<hr \/>\n<p><span style=\"color: #800000;\"><strong>STIMMUNGEN<a href=\"http:\/\/danielamohr.com\/mohrblog\/wp-content\/uploads\/2014\/09\/fly.jpg\"><img loading=\"lazy\" decoding=\"async\" class=\"size-thumbnail wp-image-396 aligncenter\" src=\"http:\/\/danielamohr.com\/mohrblog\/wp-content\/uploads\/2014\/09\/fly-100x100.jpg\" alt=\"fly\" width=\"100\" height=\"100\" \/><\/a><\/strong><\/span><\/p>\n<p>In dieser Abteilung liegt Melancholisches, Fr\u00f6hliches, Trauriges und Unsortierbares. Hier geht&#8217;s zur Galerie &#8211; <span style=\"color: #800000;\"><a style=\"color: #800000;\" href=\"http:\/\/danielamohr.com\/mohrblog\/2014\/09\/15\/stimmungen\/\">KLICK!<\/a><\/span><\/p>\n<hr \/>\n<p><span style=\"color: #800000;\"><strong>TIERE<a href=\"http:\/\/danielamohr.com\/mohrblog\/wp-content\/uploads\/2014\/11\/HerrTiger.jpg\"><img loading=\"lazy\" decoding=\"async\" class=\"size-thumbnail wp-image-788 aligncenter\" src=\"http:\/\/danielamohr.com\/mohrblog\/wp-content\/uploads\/2014\/11\/HerrTiger-100x100.jpg\" alt=\"HerrTiger\" width=\"100\" height=\"100\" \/><\/a><\/strong><\/span>Tiere sind ja schon irgendwie meine Lieblingsmodelle &#8211; aber auch nicht ganz einfach zu fotografieren. Ich probier&#8217;s trotzdem immer mal wieder. Hier geht&#8217;s zur Galerie &#8211; <span style=\"color: #800000;\"><a style=\"color: #800000;\" href=\"http:\/\/danielamohr.com\/mohrblog\/2014\/09\/15\/tiere\/\">KLICK!<\/a><\/span><\/p>\n<p>&nbsp;<\/p>\n","protected":false},"excerpt":{"rendered":"<p>Wenn ich mal gerade nicht arbeite, laufe, esse oder meine Miezen bet\u00fcddele, fotografiere ich auch mal gerne vor mich hin &#8211; oft und am liebsten einfache allt\u00e4gliche Dinge, die sich mir in den Weg und vor die Linse werfen. Hin und wieder auch mal Menschen und Tiere&#8230;und noch &#8222;hin-und-wiederer&#8220; arrangierte Szenen, f\u00fcr die dann meistens [&hellip;]<\/p>\n","protected":false},"author":1,"featured_media":0,"parent":0,"menu_order":4,"comment_status":"open","ping_status":"open","template":"","meta":{"footnotes":""},"class_list":["post-18","page","type-page","status-publish","hentry"],"yoast_head":"<!-- This site is optimized with the Yoast SEO plugin v26.2 - https:\/\/yoast.com\/wordpress\/plugins\/seo\/ -->\n<title>mohrbilder - MOHRBLOG<\/title>\n<meta name=\"robots\" content=\"noindex, follow\" \/>\n<meta property=\"og:locale\" content=\"de_DE\" \/>\n<meta property=\"og:type\" content=\"article\" \/>\n<meta property=\"og:title\" content=\"mohrbilder - MOHRBLOG\" \/>\n<meta property=\"og:description\" content=\"Wenn ich mal gerade nicht arbeite, laufe, esse oder meine Miezen bet\u00fcddele, fotografiere ich auch mal gerne vor mich hin &#8211; oft und am liebsten einfache allt\u00e4gliche Dinge, die sich mir in den Weg und vor die Linse werfen. Hin und wieder auch mal Menschen und Tiere&#8230;und noch &#8222;hin-und-wiederer&#8220; arrangierte Szenen, f\u00fcr die dann meistens [&hellip;]\" \/>\n<meta property=\"og:url\" content=\"https:\/\/danielamohr.com\/mohrblog\/mohrbilder\/\" \/>\n<meta property=\"og:site_name\" content=\"MOHRBLOG\" \/>\n<meta property=\"article:modified_time\" content=\"2015-09-15T11:57:27+00:00\" \/>\n<meta property=\"og:image\" content=\"http:\/\/danielamohr.com\/mohrblog\/wp-content\/uploads\/2014\/11\/rosalie-100x100.jpg\" \/>\n<meta name=\"twitter:card\" content=\"summary_large_image\" \/>\n<meta name=\"twitter:label1\" content=\"Gesch\u00e4tzte Lesezeit\" \/>\n\t<meta name=\"twitter:data1\" content=\"2\u00a0Minuten\" \/>\n<script type=\"application\/ld+json\" class=\"yoast-schema-graph\">{\"@context\":\"https:\/\/schema.org\",\"@graph\":[{\"@type\":\"WebPage\",\"@id\":\"https:\/\/danielamohr.com\/mohrblog\/mohrbilder\/\",\"url\":\"https:\/\/danielamohr.com\/mohrblog\/mohrbilder\/\",\"name\":\"mohrbilder - MOHRBLOG\",\"isPartOf\":{\"@id\":\"https:\/\/danielamohr.com\/mohrblog\/#website\"},\"primaryImageOfPage\":{\"@id\":\"https:\/\/danielamohr.com\/mohrblog\/mohrbilder\/#primaryimage\"},\"image\":{\"@id\":\"https:\/\/danielamohr.com\/mohrblog\/mohrbilder\/#primaryimage\"},\"thumbnailUrl\":\"http:\/\/danielamohr.com\/mohrblog\/wp-content\/uploads\/2014\/11\/rosalie-100x100.jpg\",\"datePublished\":\"2014-09-11T12:00:19+00:00\",\"dateModified\":\"2015-09-15T11:57:27+00:00\",\"breadcrumb\":{\"@id\":\"https:\/\/danielamohr.com\/mohrblog\/mohrbilder\/#breadcrumb\"},\"inLanguage\":\"de\",\"potentialAction\":[{\"@type\":\"ReadAction\",\"target\":[\"https:\/\/danielamohr.com\/mohrblog\/mohrbilder\/\"]}]},{\"@type\":\"ImageObject\",\"inLanguage\":\"de\",\"@id\":\"https:\/\/danielamohr.com\/mohrblog\/mohrbilder\/#primaryimage\",\"url\":\"http:\/\/danielamohr.com\/mohrblog\/wp-content\/uploads\/2014\/11\/rosalie-100x100.jpg\",\"contentUrl\":\"http:\/\/danielamohr.com\/mohrblog\/wp-content\/uploads\/2014\/11\/rosalie-100x100.jpg\"},{\"@type\":\"BreadcrumbList\",\"@id\":\"https:\/\/danielamohr.com\/mohrblog\/mohrbilder\/#breadcrumb\",\"itemListElement\":[{\"@type\":\"ListItem\",\"position\":1,\"name\":\"Startseite\",\"item\":\"https:\/\/danielamohr.com\/mohrblog\/\"},{\"@type\":\"ListItem\",\"position\":2,\"name\":\"mohrbilder\"}]},{\"@type\":\"WebSite\",\"@id\":\"https:\/\/danielamohr.com\/mohrblog\/#website\",\"url\":\"https:\/\/danielamohr.com\/mohrblog\/\",\"name\":\"mohrblog\",\"description\":\"\",\"potentialAction\":[{\"@type\":\"SearchAction\",\"target\":{\"@type\":\"EntryPoint\",\"urlTemplate\":\"https:\/\/danielamohr.com\/mohrblog\/?s={search_term_string}\"},\"query-input\":{\"@type\":\"PropertyValueSpecification\",\"valueRequired\":true,\"valueName\":\"search_term_string\"}}],\"inLanguage\":\"de\"}]}<\/script>\n<!-- \/ Yoast SEO plugin. -->","yoast_head_json":{"title":"mohrbilder - MOHRBLOG","robots":{"index":"noindex","follow":"follow"},"og_locale":"de_DE","og_type":"article","og_title":"mohrbilder - MOHRBLOG","og_description":"Wenn ich mal gerade nicht arbeite, laufe, esse oder meine Miezen bet\u00fcddele, fotografiere ich auch mal gerne vor mich hin &#8211; oft und am liebsten einfache allt\u00e4gliche Dinge, die sich mir in den Weg und vor die Linse werfen. Hin und wieder auch mal Menschen und Tiere&#8230;und noch &#8222;hin-und-wiederer&#8220; arrangierte Szenen, f\u00fcr die dann meistens [&hellip;]","og_url":"https:\/\/danielamohr.com\/mohrblog\/mohrbilder\/","og_site_name":"MOHRBLOG","article_modified_time":"2015-09-15T11:57:27+00:00","og_image":[{"url":"http:\/\/danielamohr.com\/mohrblog\/wp-content\/uploads\/2014\/11\/rosalie-100x100.jpg","type":"","width":"","height":""}],"twitter_card":"summary_large_image","twitter_misc":{"Gesch\u00e4tzte Lesezeit":"2\u00a0Minuten"},"schema":{"@context":"https:\/\/schema.org","@graph":[{"@type":"WebPage","@id":"https:\/\/danielamohr.com\/mohrblog\/mohrbilder\/","url":"https:\/\/danielamohr.com\/mohrblog\/mohrbilder\/","name":"mohrbilder - MOHRBLOG","isPartOf":{"@id":"https:\/\/danielamohr.com\/mohrblog\/#website"},"primaryImageOfPage":{"@id":"https:\/\/danielamohr.com\/mohrblog\/mohrbilder\/#primaryimage"},"image":{"@id":"https:\/\/danielamohr.com\/mohrblog\/mohrbilder\/#primaryimage"},"thumbnailUrl":"http:\/\/danielamohr.com\/mohrblog\/wp-content\/uploads\/2014\/11\/rosalie-100x100.jpg","datePublished":"2014-09-11T12:00:19+00:00","dateModified":"2015-09-15T11:57:27+00:00","breadcrumb":{"@id":"https:\/\/danielamohr.com\/mohrblog\/mohrbilder\/#breadcrumb"},"inLanguage":"de","potentialAction":[{"@type":"ReadAction","target":["https:\/\/danielamohr.com\/mohrblog\/mohrbilder\/"]}]},{"@type":"ImageObject","inLanguage":"de","@id":"https:\/\/danielamohr.com\/mohrblog\/mohrbilder\/#primaryimage","url":"http:\/\/danielamohr.com\/mohrblog\/wp-content\/uploads\/2014\/11\/rosalie-100x100.jpg","contentUrl":"http:\/\/danielamohr.com\/mohrblog\/wp-content\/uploads\/2014\/11\/rosalie-100x100.jpg"},{"@type":"BreadcrumbList","@id":"https:\/\/danielamohr.com\/mohrblog\/mohrbilder\/#breadcrumb","itemListElement":[{"@type":"ListItem","position":1,"name":"Startseite","item":"https:\/\/danielamohr.com\/mohrblog\/"},{"@type":"ListItem","position":2,"name":"mohrbilder"}]},{"@type":"WebSite","@id":"https:\/\/danielamohr.com\/mohrblog\/#website","url":"https:\/\/danielamohr.com\/mohrblog\/","name":"mohrblog","description":"","potentialAction":[{"@type":"SearchAction","target":{"@type":"EntryPoint","urlTemplate":"https:\/\/danielamohr.com\/mohrblog\/?s={search_term_string}"},"query-input":{"@type":"PropertyValueSpecification","valueRequired":true,"valueName":"search_term_string"}}],"inLanguage":"de"}]}},"jetpack_sharing_enabled":true,"_links":{"self":[{"href":"https:\/\/danielamohr.com\/mohrblog\/wp-json\/wp\/v2\/pages\/18","targetHints":{"allow":["GET"]}}],"collection":[{"href":"https:\/\/danielamohr.com\/mohrblog\/wp-json\/wp\/v2\/pages"}],"about":[{"href":"https:\/\/danielamohr.com\/mohrblog\/wp-json\/wp\/v2\/types\/page"}],"author":[{"embeddable":true,"href":"https:\/\/danielamohr.com\/mohrblog\/wp-json\/wp\/v2\/users\/1"}],"replies":[{"embeddable":true,"href":"https:\/\/danielamohr.com\/mohrblog\/wp-json\/wp\/v2\/comments?post=18"}],"version-history":[{"count":0,"href":"https:\/\/danielamohr.com\/mohrblog\/wp-json\/wp\/v2\/pages\/18\/revisions"}],"wp:attachment":[{"href":"https:\/\/danielamohr.com\/mohrblog\/wp-json\/wp\/v2\/media?parent=18"}],"curies":[{"name":"wp","href":"https:\/\/api.w.org\/{rel}","templated":true}]}}