{"id":8929,"date":"2022-10-25T08:55:03","date_gmt":"2022-10-25T06:55:03","guid":{"rendered":"https:\/\/danielamohr.com\/mohrblog\/?page_id=8929"},"modified":"2026-02-03T12:11:06","modified_gmt":"2026-02-03T10:11:06","slug":"fraumohr","status":"publish","type":"page","link":"https:\/\/danielamohr.com\/mohrblog\/","title":{"rendered":"Was ist denn HIER los?"},"content":{"rendered":"\n<p class=\"has-text-align-center has-black-color has-luminous-vivid-amber-background-color has-text-color has-background has-medium-font-size\"><strong>&#8222;AM ANFANG WAR DAS CHAOS&#8230;.&#8220;<\/strong><\/p>\n\n\n\n<div class=\"wp-block-columns is-layout-flex wp-container-core-columns-is-layout-9d6595d7 wp-block-columns-is-layout-flex\">\n<div class=\"wp-block-column is-layout-flow wp-block-column-is-layout-flow\">\n<p class=\"has-black-color has-white-background-color has-text-color has-background\">Gestatten, mein Name ist Daniela Mohr  &#8211; hier ganz f\u00f6rmlich als &#8222;Frau Mohr&#8220; unterwegs. <br><br> Seit Mitte 2014 nutze ich nun schon den Mohrblog als meine kreative Spielwiese f\u00fcr meine zahlreichen &#8222;Das muss ich aber jetzt mal ausprobieren und in die virtuelle Welt tr\u00f6ten&#8220;-Ideen. <br><br>Ich habe hier vegane Rezepte ausget\u00fcftelt und pr\u00e4sentiert, Lauf- und Wandergeschichten erz\u00e4hlt und bebildert, Anekdoten \u00fcber meine Katzen und Hund geschrieben und meine mehr oder minder philosophischen Ansichten \u00fcber das Leben an und f\u00fcr sich zum Besten gegeben. <\/p>\n<\/div>\n\n\n\n<div class=\"wp-block-column is-layout-flow wp-block-column-is-layout-flow\"><div class=\"wp-block-image\">\n<figure class=\"alignright size-large is-resized\"><img loading=\"lazy\" decoding=\"async\" width=\"768\" height=\"1024\" src=\"https:\/\/danielamohr.com\/mohrblog\/wp-content\/uploads\/2022\/10\/20220205_160501-01-768x1024.jpeg\" alt=\"\" class=\"wp-image-8897\" style=\"width:308px;height:410px\" srcset=\"https:\/\/danielamohr.com\/mohrblog\/wp-content\/uploads\/2022\/10\/20220205_160501-01-768x1024.jpeg 768w, https:\/\/danielamohr.com\/mohrblog\/wp-content\/uploads\/2022\/10\/20220205_160501-01-225x300.jpeg 225w, https:\/\/danielamohr.com\/mohrblog\/wp-content\/uploads\/2022\/10\/20220205_160501-01-1152x1536.jpeg 1152w, https:\/\/danielamohr.com\/mohrblog\/wp-content\/uploads\/2022\/10\/20220205_160501-01-1536x2048.jpeg 1536w, https:\/\/danielamohr.com\/mohrblog\/wp-content\/uploads\/2022\/10\/20220205_160501-01-1320x1760.jpeg 1320w, https:\/\/danielamohr.com\/mohrblog\/wp-content\/uploads\/2022\/10\/20220205_160501-01-scaled.jpeg 1920w\" sizes=\"auto, (max-width: 768px) 100vw, 768px\" \/><\/figure>\n<\/div><\/div>\n<\/div>\n\n\n\n<p class=\"has-black-color has-white-background-color has-text-color has-background\">Da ich aber wohl im Sternzeichen &#8222;Chaos-Uschi&#8220; geboren sein muss und zur totalen Unordnung neige, hatte dieser Blog im Laufe der Zeit \u00c4hnlichkeit mit meinem realen Schreibtisch. Wild durcheinandergestapelte virtuelle Zettelberge, falsche Verlinkungen und Einsortierungen, fehlende oder unlogische Schlagw\u00f6rter, unter denen niemand durchblicken oder irgendwas finden konnte.<br><br>Deswegen habe ich im Sommer 2022 mit diesem Blog hier das gemacht, was auch meinem echten Schreibtisch sehr gut tun w\u00fcrde&#8230;einfach das gesamte Chaos zusammengefegt, in eine Kiste gepackt, den Schreibtisch saubergewischt und alles erstmal auf Seite gestellt. <br><br>Sprich: Alle Beitr\u00e4ge, Artikel und Fotos depubliziert.<br><br>Danach habe ich ganz langsam und entspannt damit angefangen, hier und da ein paar Artikelchen aus dem vollgestopften virtuellen Karton zu zupfen, halbwegs ordentlich zu formatieren und zu gestalten, den ein oder anderen Fehler auszubessern und sie wieder in diesen Blog einzustellen.<br><br>Weil ja immer alles irgendwo anfangen muss, gibt es zuerst mal wieder ein paar Rezepte und Fotos. Und bisher eine einzige Katzengeschichte <br>Und danach geht&#8217;s irgendwie weiter.<br>N\u00e4mlich.<br><br>Ich bitte also den geneigten Mohrblog-Besucher um ausreichend Geduld und verweise bis dato erstmal auf das, was halt schon wieder da ist:<\/p>\n\n\n\n<div style=\"height:20px\" aria-hidden=\"true\" class=\"wp-block-spacer\"><\/div>\n\n\n\n<div class=\"wp-block-buttons is-content-justification-center is-layout-flex wp-container-core-buttons-is-layout-16018d1d wp-block-buttons-is-layout-flex\">\n<div class=\"wp-block-button is-style-outline is-style-outline--1\"><a class=\"wp-block-button__link has-black-color has-luminous-vivid-amber-background-color has-text-color has-background has-link-color wp-element-button\" href=\"https:\/\/danielamohr.com\/mohrblog\/fraumohrkocht\/\"><strong>FRAU MOHR KOCHT<\/strong><\/a><\/div>\n<\/div>\n\n\n\n<div style=\"height:20px\" aria-hidden=\"true\" class=\"wp-block-spacer\"><\/div>\n\n\n\n<div class=\"wp-block-buttons is-content-justification-center is-layout-flex wp-container-core-buttons-is-layout-16018d1d wp-block-buttons-is-layout-flex\">\n<div class=\"wp-block-button is-style-outline is-style-outline--2\"><a class=\"wp-block-button__link has-black-color has-luminous-vivid-amber-background-color has-text-color has-background has-link-color wp-element-button\" href=\"https:\/\/danielamohr.com\/mohrblog\/fraumohrfotografiert\/\"><strong>FRAU MOHR FOTOGRAFIERT <\/strong><\/a><\/div>\n<\/div>\n\n\n\n<div style=\"height:20px\" aria-hidden=\"true\" class=\"wp-block-spacer\"><\/div>\n\n\n\n<div class=\"wp-block-buttons is-content-justification-center is-layout-flex wp-container-core-buttons-is-layout-16018d1d wp-block-buttons-is-layout-flex\">\n<div class=\"wp-block-button is-style-outline is-style-outline--3\"><a class=\"wp-block-button__link has-black-color has-luminous-vivid-amber-background-color has-text-color has-background has-link-color wp-element-button\" href=\"https:\/\/danielamohr.com\/mohrblog\/fraumohrschreibtgeschichten\/\"><strong>FRAU MOHR SCHREIBT GESCHICHTEN<\/strong><\/a><\/div>\n<\/div>\n\n\n\n<div style=\"height:20px\" aria-hidden=\"true\" class=\"wp-block-spacer\"><\/div>\n","protected":false},"excerpt":{"rendered":"<p>&#8222;AM ANFANG WAR DAS CHAOS&#8230;.&#8220; Gestatten, mein Name ist Daniela Mohr &#8211; hier ganz f\u00f6rmlich als &#8222;Frau Mohr&#8220; unterwegs. Seit Mitte 2014 nutze ich nun schon den Mohrblog als meine kreative Spielwiese f\u00fcr meine zahlreichen &#8222;Das muss ich aber jetzt mal ausprobieren und in die virtuelle Welt tr\u00f6ten&#8220;-Ideen. Ich habe hier vegane Rezepte ausget\u00fcftelt und [&hellip;]<\/p>\n","protected":false},"author":1,"featured_media":0,"parent":0,"menu_order":0,"comment_status":"closed","ping_status":"closed","template":"","meta":{"footnotes":""},"class_list":["post-8929","page","type-page","status-publish","hentry"],"yoast_head":"<!-- This site is optimized with the Yoast SEO plugin v27.4 - https:\/\/yoast.com\/product\/yoast-seo-wordpress\/ -->\n<title>Was ist denn HIER los? - MOHRBLOG<\/title>\n<meta name=\"robots\" content=\"noindex, follow\" \/>\n<meta property=\"og:locale\" content=\"de_DE\" \/>\n<meta property=\"og:type\" content=\"article\" \/>\n<meta property=\"og:title\" content=\"Was ist denn HIER los? - MOHRBLOG\" \/>\n<meta property=\"og:description\" content=\"&#8222;AM ANFANG WAR DAS CHAOS&#8230;.&#8220; Gestatten, mein Name ist Daniela Mohr &#8211; hier ganz f\u00f6rmlich als &#8222;Frau Mohr&#8220; unterwegs. Seit Mitte 2014 nutze ich nun schon den Mohrblog als meine kreative Spielwiese f\u00fcr meine zahlreichen &#8222;Das muss ich aber jetzt mal ausprobieren und in die virtuelle Welt tr\u00f6ten&#8220;-Ideen. Ich habe hier vegane Rezepte ausget\u00fcftelt und [&hellip;]\" \/>\n<meta property=\"og:url\" content=\"https:\/\/danielamohr.com\/mohrblog\/\" \/>\n<meta property=\"og:site_name\" content=\"MOHRBLOG\" \/>\n<meta property=\"article:modified_time\" content=\"2026-02-03T10:11:06+00:00\" \/>\n<meta property=\"og:image\" content=\"https:\/\/danielamohr.com\/mohrblog\/wp-content\/uploads\/2022\/10\/20220205_160501-01-scaled.jpeg\" \/>\n\t<meta property=\"og:image:width\" content=\"1920\" \/>\n\t<meta property=\"og:image:height\" content=\"2560\" \/>\n\t<meta property=\"og:image:type\" content=\"image\/jpeg\" \/>\n<meta name=\"twitter:card\" content=\"summary_large_image\" \/>\n<meta name=\"twitter:label1\" content=\"Gesch\u00e4tzte Lesezeit\" \/>\n\t<meta name=\"twitter:data1\" content=\"2\u00a0Minuten\" \/>\n<script type=\"application\/ld+json\" class=\"yoast-schema-graph\">{\"@context\":\"https:\\\/\\\/schema.org\",\"@graph\":[{\"@type\":\"WebPage\",\"@id\":\"https:\\\/\\\/danielamohr.com\\\/mohrblog\\\/\",\"url\":\"https:\\\/\\\/danielamohr.com\\\/mohrblog\\\/\",\"name\":\"Was ist denn HIER los? - MOHRBLOG\",\"isPartOf\":{\"@id\":\"https:\\\/\\\/danielamohr.com\\\/mohrblog\\\/#website\"},\"primaryImageOfPage\":{\"@id\":\"https:\\\/\\\/danielamohr.com\\\/mohrblog\\\/#primaryimage\"},\"image\":{\"@id\":\"https:\\\/\\\/danielamohr.com\\\/mohrblog\\\/#primaryimage\"},\"thumbnailUrl\":\"https:\\\/\\\/danielamohr.com\\\/mohrblog\\\/wp-content\\\/uploads\\\/2022\\\/10\\\/20220205_160501-01-768x1024.jpeg\",\"datePublished\":\"2022-10-25T06:55:03+00:00\",\"dateModified\":\"2026-02-03T10:11:06+00:00\",\"breadcrumb\":{\"@id\":\"https:\\\/\\\/danielamohr.com\\\/mohrblog\\\/#breadcrumb\"},\"inLanguage\":\"de\",\"potentialAction\":[{\"@type\":\"ReadAction\",\"target\":[\"https:\\\/\\\/danielamohr.com\\\/mohrblog\\\/\"]}]},{\"@type\":\"ImageObject\",\"inLanguage\":\"de\",\"@id\":\"https:\\\/\\\/danielamohr.com\\\/mohrblog\\\/#primaryimage\",\"url\":\"https:\\\/\\\/danielamohr.com\\\/mohrblog\\\/wp-content\\\/uploads\\\/2022\\\/10\\\/20220205_160501-01-scaled.jpeg\",\"contentUrl\":\"https:\\\/\\\/danielamohr.com\\\/mohrblog\\\/wp-content\\\/uploads\\\/2022\\\/10\\\/20220205_160501-01-scaled.jpeg\",\"width\":1920,\"height\":2560},{\"@type\":\"BreadcrumbList\",\"@id\":\"https:\\\/\\\/danielamohr.com\\\/mohrblog\\\/#breadcrumb\",\"itemListElement\":[{\"@type\":\"ListItem\",\"position\":1,\"name\":\"Startseite\",\"item\":\"https:\\\/\\\/danielamohr.com\\\/mohrblog\\\/\"},{\"@type\":\"ListItem\",\"position\":2,\"name\":\"Was ist denn HIER los?\"}]},{\"@type\":\"WebSite\",\"@id\":\"https:\\\/\\\/danielamohr.com\\\/mohrblog\\\/#website\",\"url\":\"https:\\\/\\\/danielamohr.com\\\/mohrblog\\\/\",\"name\":\"mohrblog\",\"description\":\"\",\"potentialAction\":[{\"@type\":\"SearchAction\",\"target\":{\"@type\":\"EntryPoint\",\"urlTemplate\":\"https:\\\/\\\/danielamohr.com\\\/mohrblog\\\/?s={search_term_string}\"},\"query-input\":{\"@type\":\"PropertyValueSpecification\",\"valueRequired\":true,\"valueName\":\"search_term_string\"}}],\"inLanguage\":\"de\"}]}<\/script>\n<!-- \/ Yoast SEO plugin. -->","yoast_head_json":{"title":"Was ist denn HIER los? - MOHRBLOG","robots":{"index":"noindex","follow":"follow"},"og_locale":"de_DE","og_type":"article","og_title":"Was ist denn HIER los? - MOHRBLOG","og_description":"&#8222;AM ANFANG WAR DAS CHAOS&#8230;.&#8220; Gestatten, mein Name ist Daniela Mohr &#8211; hier ganz f\u00f6rmlich als &#8222;Frau Mohr&#8220; unterwegs. Seit Mitte 2014 nutze ich nun schon den Mohrblog als meine kreative Spielwiese f\u00fcr meine zahlreichen &#8222;Das muss ich aber jetzt mal ausprobieren und in die virtuelle Welt tr\u00f6ten&#8220;-Ideen. Ich habe hier vegane Rezepte ausget\u00fcftelt und [&hellip;]","og_url":"https:\/\/danielamohr.com\/mohrblog\/","og_site_name":"MOHRBLOG","article_modified_time":"2026-02-03T10:11:06+00:00","og_image":[{"width":1920,"height":2560,"url":"https:\/\/danielamohr.com\/mohrblog\/wp-content\/uploads\/2022\/10\/20220205_160501-01-scaled.jpeg","type":"image\/jpeg"}],"twitter_card":"summary_large_image","twitter_misc":{"Gesch\u00e4tzte Lesezeit":"2\u00a0Minuten"},"schema":{"@context":"https:\/\/schema.org","@graph":[{"@type":"WebPage","@id":"https:\/\/danielamohr.com\/mohrblog\/","url":"https:\/\/danielamohr.com\/mohrblog\/","name":"Was ist denn HIER los? - MOHRBLOG","isPartOf":{"@id":"https:\/\/danielamohr.com\/mohrblog\/#website"},"primaryImageOfPage":{"@id":"https:\/\/danielamohr.com\/mohrblog\/#primaryimage"},"image":{"@id":"https:\/\/danielamohr.com\/mohrblog\/#primaryimage"},"thumbnailUrl":"https:\/\/danielamohr.com\/mohrblog\/wp-content\/uploads\/2022\/10\/20220205_160501-01-768x1024.jpeg","datePublished":"2022-10-25T06:55:03+00:00","dateModified":"2026-02-03T10:11:06+00:00","breadcrumb":{"@id":"https:\/\/danielamohr.com\/mohrblog\/#breadcrumb"},"inLanguage":"de","potentialAction":[{"@type":"ReadAction","target":["https:\/\/danielamohr.com\/mohrblog\/"]}]},{"@type":"ImageObject","inLanguage":"de","@id":"https:\/\/danielamohr.com\/mohrblog\/#primaryimage","url":"https:\/\/danielamohr.com\/mohrblog\/wp-content\/uploads\/2022\/10\/20220205_160501-01-scaled.jpeg","contentUrl":"https:\/\/danielamohr.com\/mohrblog\/wp-content\/uploads\/2022\/10\/20220205_160501-01-scaled.jpeg","width":1920,"height":2560},{"@type":"BreadcrumbList","@id":"https:\/\/danielamohr.com\/mohrblog\/#breadcrumb","itemListElement":[{"@type":"ListItem","position":1,"name":"Startseite","item":"https:\/\/danielamohr.com\/mohrblog\/"},{"@type":"ListItem","position":2,"name":"Was ist denn HIER los?"}]},{"@type":"WebSite","@id":"https:\/\/danielamohr.com\/mohrblog\/#website","url":"https:\/\/danielamohr.com\/mohrblog\/","name":"mohrblog","description":"","potentialAction":[{"@type":"SearchAction","target":{"@type":"EntryPoint","urlTemplate":"https:\/\/danielamohr.com\/mohrblog\/?s={search_term_string}"},"query-input":{"@type":"PropertyValueSpecification","valueRequired":true,"valueName":"search_term_string"}}],"inLanguage":"de"}]}},"jetpack_sharing_enabled":true,"_links":{"self":[{"href":"https:\/\/danielamohr.com\/mohrblog\/wp-json\/wp\/v2\/pages\/8929","targetHints":{"allow":["GET"]}}],"collection":[{"href":"https:\/\/danielamohr.com\/mohrblog\/wp-json\/wp\/v2\/pages"}],"about":[{"href":"https:\/\/danielamohr.com\/mohrblog\/wp-json\/wp\/v2\/types\/page"}],"author":[{"embeddable":true,"href":"https:\/\/danielamohr.com\/mohrblog\/wp-json\/wp\/v2\/users\/1"}],"replies":[{"embeddable":true,"href":"https:\/\/danielamohr.com\/mohrblog\/wp-json\/wp\/v2\/comments?post=8929"}],"version-history":[{"count":14,"href":"https:\/\/danielamohr.com\/mohrblog\/wp-json\/wp\/v2\/pages\/8929\/revisions"}],"predecessor-version":[{"id":9830,"href":"https:\/\/danielamohr.com\/mohrblog\/wp-json\/wp\/v2\/pages\/8929\/revisions\/9830"}],"wp:attachment":[{"href":"https:\/\/danielamohr.com\/mohrblog\/wp-json\/wp\/v2\/media?parent=8929"}],"curies":[{"name":"wp","href":"https:\/\/api.w.org\/{rel}","templated":true}]}}